 of (-1 - -3) + 0 + 3 + 0?
5
5 + (-1 + 2 - 4)
2
-63 + 68 + (2 + -1 - 0)
6
Calculate 0 + 2 + -1 - (-3 - -3).
1
What is 11 - (-2 + 11) - 3?
-1
What is -7 - (-6 - (-5 + 2 + 1))?
-3
Evaluate 16 + -19 + -1 + 3.
-1
Calculate (0 - (7 + -2)) + 1.
-4
What is the value of 0 - ((1 - 5) + 8 - -3)?
-7
Calculate -2 - (13 - (5 + 1) - 12).
3
1 + -6 - (-4 + -1 + 2)
-2
-5 - 1 - (9 - 1 - 7)
-7
Calculate 0 + -4 + 4 + 1.
1
What is the value of -7 + (-10 - (0 - 3)) - -4?
-10
-5 - 0 - -5 - 1
-1
What is -1 + (-3 - 5) - -11?
2
Evaluate -5 - (6 + -3 + -1) - -10.
3
Calculate 0 + -1 - ((-2 - -1) + 2).
-2
-7 - 0 - -4 - (-10 - -4)
3
(-16 - -1) + (-3 - -21)
3
-6 + (3 + -7 - -14)
4
-11 - -7 - (-1 + -5)
2
What is the value of 3 + -1 + (11 - 19)?
-6
What is 0 + (5 + -4 - 6)?
-5
What is the value of 0 + 0 + 4 + -6 - -2?
0
Calculate (1 - 0) + 1 + (-51 - -51).
2
Evaluate 3 + (7 - 3) + -2.
5
Calculate -13 + (11 - 12) - -9.
-5
What is the value of 4 - (7 + -5 + -2)?
4
Calculate (11 - (-9 + 11)) + -3.
6
Evaluate 8 + (-3 - 7) - -4.
2
Calculate -6 + 6 + 1 + (-1 - 6).
-6
What is (2 - -1 - 1) + 1 + 1?
4
What is -2 + -5 + 4 + 0 - 1?
-4
Evaluate 6 + (-2 - 5 - -2).
1
Calculate -13 + (15 - (7 - 1)).
-4
What is the value of -8 - (3 - (1 + 5))?
-5
What is the value of (1 - 1) + -1 + -107 + 102?
-6
Evaluate (8 - 5) + (-2 - -8) + -12.
-3
-2 + 8 + -4 + -5
-3
What is -1 + (8 - 4) + 0 + -6?
-3
What is -5 + -1 + 2 + 2?
-2
Calculate -16 + 3 + 4 - (-3 - 2).
-4
Evaluate -2 + -1 + 11 + -1 + -10.
-3
Evaluate -4 - (-4 + 2) - 0.
-2
Evaluate -2 - ((-3 - -1) + 0).
0
(-1 - -4) + 9 + -20 + 12
4
What is 0 - (-4 - -4) - -4?
4
Calculate 10 + (1 - (3 - (-5 - 0))).
3
What is (-8 - (-3 - 4)) + 10 + 1?
10
What is the value of (0 - -3) + -6 + 5?
2
Calculate -3 + 0 + 10 + 1 - 3.
5
Calculate -7 + 2 + -1 - (-15 - -9).
0
Calculate 4 + -9 + 3 + (-7 - -13).
4
Evaluate -3 + 1 - -1 - 0.
-1
Evaluate 2 - 0 - (11 + -9).
0
Evaluate -5 + (4 - -1) + -4 + -1.
-5
Evaluate 2 - 2 - 1 - (1 + 2).
-4
Evaluate 6 + (-4 - (5 - 6)).
3
What is 0 + -14 + (-24 - -34)?
-4
Calculate -41 + 40 + (0 - -10) - 3.
6
Calculate 4 + 5 + 4 + -2 + -9.
2
What is -2 - (0 + -3) - -1?
2
5 - (11 - (17 - 10))
1
-7 - -8 - (0 - 3 - 0)
4
Calculate -3 + (-1 + 8 - -2).
6
What is (8 - 4) + 1 - (15 - 3)?
-7
Evaluate (6 - 10) + 13 + -7.
2
What is the value of 4 + -1 + 1 - 2?
2
Calculate -8 + (2 - 10 - -20).
4
Calculate 3 - 4 - (3 - -1).
-5
Evaluate 0 + (-8 - (2 + -6)).
-4
What is -7 - (-6 - (0 - (2 + -8)))?
5
What is the value of -5 + (-5 - 3) + 4 + 3?
-6
Calculate 0 - (6 + -7 - (-9 + 2)).
-6
What is (-1 - 1 - -1) + 0 + -1?
-2
Evaluate -16 + 21 - (-1 - 1).
7
Evaluate (3 - 0) + 1 + -7.
-3
Calculate (4 - 0) + (1 - 7) - -7.
5
What is the value of (-1 - (7 - 10)) + (-1 - 8)?
-7
Calculate 1 + 0 - 1 - (-44 + 50).
-6
What is (-2 - -2 - -4) + -4?
0
What is (-2 - -11) + 0 + -10?
-1
Evaluate 2 + 1 + -2 + 3 - 9.
-5
What is the value of (-1 + 0 - 0) + 2 + 0?
1
Evaluate 47 + -61 + (1 - -23).
10
Calculate 4 + (0 - 3) - 2 - -2.
1
36 - 38 - (-6 - -2)
2
What is 8 - (-10 - -2 - -10)?
6
Calculate (-2 - -2) + (13 - -2 - 10).
5
Evaluate 2 - ((4 - 4) + 5).
-3
(-5 - -3 - 3) + 1
-4
Calculate 5 + -2 + (-19 - -14).
-2
What is 4 + 2 + -8 + -5?
-7
What is (-1 - -1) + -80 + 71?
-9
Evaluate -10 - (0 - (-8 - -10)).
-8
Calculate -6 + (3 - (1 + -3)).
-1
Evaluate -1 + -1 - (12 - 9).
-5
What is the value of 7 - ((-1 - 4) + 21 + -6)?
-3
Calculate -3 + (-3 - -8) + 0 - -4.
6
What is 11 + -12 + 1 - -10?
10
Evaluate 6 + 1 + 1 + 0 + -4.
4
What is the value of (3 - (4 + -3) - 4) + 5?
3
Evaluate (-18 - -21) + (2 - 2 - 0).
3
Evaluate (-1 - (-3 + 7 - 1)) + 4.
0
Evaluate (8 - 3) + -5 - 1.
-1
What is 7 + (8 - 11 - 1)?
3
Evaluate 52 + -50 + -1 + -3 + 0.
-2
What is the value of 1 + 3 + (0 - 5)?
-1
What is the value of -7 - -2 - (0 + -2)?
-3
What is the value of -4 + -3 + 13 - (3 + 0)?
3
What is 12 + -17 - (-13 + 7)?
1
-2 - 0 - -6 - 7
-3
What is 2 - ((-6 - 1) + 1 + 5)?
3
What is the value of -6 + 7 - 6 - (-2 - -4)?
-7
What is the value of 2 + (3 - -1) - (1 + 2)?
3
6 + 10 + -17 + 2
1
Calculate 9 + -5 + (0 - (6 - 1)).
-1
What is the value of -6 + (-13 - -1) - -6 - -5?
-7
Evaluate (7 - 3) + -2 + -4 - -6.
4
-4 + (-1 - 2) + 3
-4
Calculate 7 - 0 - (-17 - -2 - -12).
10
What is the value of 4 + 1 + (0 - 2 - 0)?
3
What is 1 + 10 + -9 + (4 - 1)?
5
What is 0 - (-4 - -7 - -2)?
-5
What is (6 - (0 - -3)) + -4?
-1
Evaluate -7 + -1 + (-2 - -18) + -1.
7
Evaluate -2 + -4 - (-15 - -2 - -15).
-8
Calculate 2 + -5 + (-1 - 0) + 2.
-2
What is the value of (4 - 11) + 7 + 4?
4
What is 1 - (-14 + 18 - (0 + -1))?
-4
Calculate -4 + (2 - 0 - -3).
1
What is the value of -5 + (2 - (1 + -1))?
-3
What is 4 - (-4 + 12 + 0)?
-4
What is -8 + -5 + 6 + 8?
1
-1 - (5 + -8 - (2 + -7))
-3
(-1 - 2) + 2 + 1
0
-1 + -1 + (-3 - -1) + 3
-1
Evaluate (1 - (-8 + 9)) + -6.
-6
3 + -1 + 2 + (-1 - -1)
4
What is the value of (-4 - -3) + 4 - (7 + -1)?
-3
What is the value of (-1 - 0) + -4 + 8 + -8?
-5
What is the value of 1 - (-3 + (-13 + 6 - -10))?
1
What is -14 - -10 - (1 - (0 - 1))?
-6
Evaluate -2 - (4 + -1 - 10) - 6.
-1
Evaluate 0 - (-4 + (-3 - -6) - -4).
-3
What is 3 - (-3 - (-2 + 1 + -7))?
-2
Calculate -2 - (-4 - (0 - 4)).
-2
(7 - (14 + -6)) + -3 + 0
-4
(0 - 1) + (3 - -2)
4
Calculate -6 + (-4 - (1 - (6 - 0))).
-5
Evaluate -2 + 3 + 0 + -4.
-3
-7 - (5 + 2 - 17)
3
Evaluate 6 + (-11 - -12 - (3 + -2)).
6
0 + (-20 - -20) + -4 + 0
-4
Evaluate -6 - (-7 + 5) - -2.
-2
-4 - (3 + 3 + -4 - 6)
0
What is (-17 - -11) + 1 + (2 - 1)?
-4
Calculate 4 - (1 + 0 + 5).
-2
1 + (-2 + 1 - -4) + -3
1
-7 + 7 + -1 + 2
1
What is the value of -6 - (-2 + 1) - -3?
-2
-20 + 11 + 11 + 6
8
What is -115 + 110 - (-6 - -1)?
0
Calculate (4 - (0 + 2 - 1)) + 0.
3
0 - (1 - (-4 - -2))
-3
Calculate 1 + 1 - (-9 - (-7 - -1)).
5
What is the value of 2 - (4 - (-10 - -15))?
3
Evaluate 0 + 3 + (2 - (1 - 0)).
4
-1 + 0 - (6 + -7 + 4)
-4
What is the value of -11 + 0 - (13 + -22)?
-2
5 + -3 + 1 + -5
-2
What is 11 - 10 - (3 + -1) - -4?
3
Calculate -8 + -6 + 7 + 5.
-2
Evaluate 7 + 0 - (-4 - 4 - -8).
7
Calculate (52 - 62) + (19 - 1).
8
What is the value of -7 + -7 + (13 - -3)?
2
Calculate 3 + ((0 - -6) + -4 - 11).
-6
(12 - 3 - 7) + 1 + 6
9
Calculate 1 + -4 + 4 + -4.
-3
What is the value of 3 + -4 - 2 - -3?
0
Evaluate (6 - -5) + -2 + -5 - 1.
3
1 + (15 - 8) + -5
3
What is the value of 5 + -2 + (-2 - (0 - -6))?
-5
Evaluate -1 + 0 + 12 + 2 + -13.
0
What is the value of (-1 - 7) + -17 + 8 + 10?
-7
What is 90 - 72 - (2 - -7)?
9
9 + 3 + -7 + -4
1
Calculate (2 - (6 - -4)) + 4.
-4
What is (8 - (-4 + 4)) + -2 - 2?
4
What is 4 - (1 + (-7 + 3 - -5))?
2
-9 + (-8 - (-17 - -7))
-7
What is 1 + 2 - (6 + -2)?
-1
-17 + 18 - (2 + -4)
3
What is the value of (1 - (-2 - 0)) + -182 + 184?
5
What is the value of 6 + (-24 - -17 - (-7 - 2))?
8
Calculate 4 - ((-11 - -14) + 0).
1
What is the value of 6 + (5 - 14) + (2 - 0)?
-1
What is 0 - -2 - 1 - (119 + -125)?
7
Evaluate (3 - 1) + 3 + -4 - 5.
-4
What is 4 + (-4 - (0 - 5))?
5
Calculate 19 + -19 + 1 + -5.
-4
What is 28 + -19 - (7 - 3)?
5
91 + -91 - (1 + (-1 - 4))
4
What is 0 + (-4 - (0 - -3)) - -2?
-5
What is 3 + (0 - (2 - 6)) - 4?
3
Calculate -3 + 0 - (-11 - -10).
-2
Evaluate 7 + (-1 + 1 - (-2 + 4)).
5
What is -2 + (9 - (-1 + 4 - 2))?
6
Evaluate -90 + 76 + -2 + (9 - 2).
-9
-2 - (-1 + 2) - (0 - 0)
-3
Evaluate (0 - -3) + -3 - 2 - 2.
-4
What is the value of (2 - 1) + (-1 - -1)?
1
What is the value of 9 - (13 + -26 - -12)?
10
What is 1 - (-2 - (-2 - (-4 - 0)))?
5
What is the value of (-7 - (-1 - 8)) + 7 + -2?
7
What is the value of -6 + -3 + 27 + -11?
7
Calculate -9 - (-9 + 8) - -10.
2
What is -2 + (-4 - 0 - (0 + -4))?
-2
Evaluate 2 + -3 + (-1 - -8).
6
What is 15 + -13 + (-1 - 5)?
-4
What is the value of 6 + (12 + -16 - (1 + 0))?
1
What is the value of 0 + 4 - (6 + 5)?
-7
(2 - (1 - (1 - -5))) + -5
2
What is (4 - (8 - 5)) + (4 - 1)?
4
Calculate (-5 - -3 - 1) + 31 + -34.
-6
What is -3 - 3 - -14 - 7?
1
0 + 1 + -6 + 4
-1
What is the value of -1 + 3 + (-1 - (-1 + -3))?
5
5 - (1 - (0 + -13 - -5))
-4
What is -7 - 2 - -6 - -8?
5
Evaluate 4 + 1 - (-72 - -70).
7
What is the value of 5 + (3 + -5 + 7 - 11)?
-1
Calculate (0 - (1 - 3)) + 32 + -29.
5
Calculate 1 + (5 - 4) - 4.
-2
What is -5 + (-5 - (-9 + 2)) - -2?
-1
Calculate -31 + 28 + (-1 - 1).
-5
0 - 4 - (5 - (7 + 1))
-1
4 + 2 + 0 - (7 - 4)
3
What is the value of 0 +